test common factor of 6 and c?
2
Suppose 0 = 4*x - 2*n - 356, -4*n + 16 = -0*n. Let j = x + -72. Let i(t) = t**2 - t + 76. Let u be i(0). What is the highest common factor of j and u?
19
Let p(n) = -n**3 + 24*n**2 + 77*n - 53. Let m be p(26). Let g = m - 577. What is the highest common divisor of 170 and g?
10
Let m = 159 + -96. Suppose -75*v = -m*v - 132. What is the greatest common factor of 44 and v?
11
Let q(d) = -45*d**3 + 16*d**2 + 9*d - 2. Let m be q(-6). Calculate the greatest common factor of m and 10.
10
Suppose 0 = -17*z + 44*z - 19*z - 144. Calculate the greatest common divisor of z and 546.
6
Let v be (-24)/(((-1)/(-18))/(58/(-116))). Calculate the greatest common factor of v and 1656.
72
Let n be -2 - (-27)/15 - (-106)/5. Let i = 236 + -136. Suppose 0 = 9*a + i - 352. What is the greatest common factor of n and a?
7
Let g(b) = b**3 + 16*b**2 - 19*b - 22. Suppose 4*p + 3*j + 44 = -30, -j + 15 = -p. Let q be g(p). What is the greatest common divisor of q and 24?
12
Suppose -308 = -265*j + 261*j. Calculate the greatest common factor of 99 and j.
11
Let c(i) = 2*i**2 - 11*i + 380. Let l be c(20). What is the highest common factor of 220 and l?
20
Let p = 23 - 19. Let x be (-1 + 1 + 1)/(p/16). Suppose x*i - 327 - 141 = 0. What is the highest common factor of i and 13?
13
Suppose 23*p - 1854 + 342 = -4*p. Calculate the highest common divisor of 216 and p.
8
Let t = 18725 - 18630. Calculate the greatest common divisor of 513 and t.
19
Let o(x) = 840*x + 8540. Let n be o(-10). Calculate the greatest common factor of n and 2540.
20
Let j = -61 + 89. Suppose 6*l - 2*l = 2*u + 34, 0 = -3*u + l - 26. Let w be (-90)/(-14) - (270/42 + u). What is the highest common factor of w and j?
7
Let n be (156 - -7) + (-112)/16. Let y be 13/2*(-2 + 6). Calculate the highest common divisor of n and y.
26
Let v be (2 - 1) + -3 + 28. Suppose 5*n - 40 = n. Suppose -n*u = -3*u - 273. What is the greatest common divisor of v and u?
13
Let m(o) = -7*o + 28 - 3*o - 27. Let y be m(-4). Suppose -4*b = 153 - 1301. What is the greatest common factor of b and y?
41
Let q(m) = -m**3 - 39*m**2 + 43*m + 125. Let x be q(-40). What is the highest common divisor of 3160 and x?
5
Suppose -30*o = -39*o - 26*o + 19110. What is the greatest common factor of o and 672?
42
Let t = -26 - -56. Let c be 4/10 - (15162/95)/(-6). Calculate the highest common factor of c and t.
3
Suppose -245*s + 450 = -242*s - 420. What is the highest common divisor of s and 58?
58
Suppose 162*b + 24 = 165*b, -2091 = -h - 3*b. What is the greatest common factor of h and 78?
39
Suppose -54 + 62 = 4*a. Let g be (-2888)/(-20) - 4/10. Suppose 5*y = a*y + g. Calculate the highest common divisor of y and 32.
16
Suppose -r - 7 = 0, -5*r = 187*w - 191*w + 203. Let i(h) = h**3 + 4*h**2 + 2. Let v be i(-4). Calculate the highest common divisor of v and w.
2
Let r = 479 - 358. Let n = r - 98. Calculate the greatest common divisor of n and 391.
23
Suppose 0 = -5*p + 4*r + 1090, 2*p - 3*r + 8*r - 403 = 0. Let x = -149 + p. Let j = x + -29. What is the greatest common divisor of j and 9?
9
Let k(s) = -21*s + 16. Let d be k(8). Let c = 155 + d. Let y be (-1 + 0)/(2/(-18)). Calculate the greatest common divisor of c and y.
3
Suppose 3*h - 5*o + 147 = 168, -5*o + 1 = -2*h. What is the greatest common divisor of 11209 and h?
11
Let q = 38 + -42. Let x be 120/5 - -2 - q. Let j be (90/(-4))/((-3)/36). Calculate the greatest common divisor of x and j.
30
Suppose k = -48 + 52. Suppose 997 = -0*g + k*g + 3*h, 2*g = -3*h + 503. What is the highest common factor of 26 and g?
13
Suppose -12*v + 334 - 298 = 0. Suppose 0 = 3*z - 3*r, 0 = -2*z - 0*z - 5*r + 35. Suppose 0 = z*d - 74 - 31. Calculate the greatest common divisor of d and v.
3
Let b be (5159/21)/11 + 8/(-6). Let h(k) = 3*k + 18. Let m be h(15). What is the greatest common factor of b and m?
21
Suppose 243 = 2*z + 3*u - 267, 6*z - 2*u = 1530. What is the highest common divisor of 2 and z?
1
Let j(d) = -95*d + 4859. Let a be j(46). What is the highest common factor of a and 6?
3
Let y = 243099 + -243055. Let z(t) = -t**3 + 5*t - 2. Let p be z(3). Let c = p + 69. Calculate the highest common factor of c and y.
11
Suppose 150*s - 1709 = 37*s + 664. Calculate the greatest common factor of s and 2030.
7
Let j(b) = b + 99. Let d be j(0). Let x be (-353)/(-8) + (-302 - -309) + 114/(-16). Calculate the greatest common divisor of d and x.
11
Let j be 1*(3 + 15)*2. Suppose 98*m - 252 = 95*m. What is the highest common divisor of m and j?
12
Suppose -2*n - s - 9 = -0*n, -n = 4*s + 22. Let v be 12*n*(165/(-20) + 5). Calculate the highest common factor of 4 and v.
2
Suppose 1113 = 21*g - 1092. Calculate the highest common factor of 28 and g.
7
Suppose -b - 256286 = 90*b - 1157004. Calculate the highest common factor of b and 196.
98
Let o(l) = -3*l**2 + 46*l - 12. Let w be o(15). Calculate the highest common factor of w and 2649.
3
Suppose 0 = 772*f - 771*f - 414. What is the greatest common factor of f and 506?
46
Let a = -153 - -178. Suppose 5*c = -4 + 19. Let z(y) = 2*y**2 - 4*y + 4. Let j be z(c). What is the greatest common divisor of j and a?
5
Let p be (-900)/(-45) - (0 + 0). Calculate the highest common divisor of 1265 and p.
5
Let r be 7728/(-230)*(0 + 1 - 11). What is the highest common divisor of 98 and r?
14
Let t(n) = n**3 - 7*n**2 + 10*n + 2. Let l be t(7). Let w = 27 - 25. Let k = 16 + w. What is the highest common factor of k and l?
18
Let k(u) = 4*u**2 + u - 2. Let v be k(4). Suppose -225*c + 356*c - 185*c = -8910. What is the highest common factor of c and v?
33
Suppose 2*s - 2 = -2*x, 4*x - s - 2*s = -3. Suppose 3*c + x*o = o + 119, -203 = -5*c - 3*o. Calculate the highest common divisor of 30 and c.
10
Suppose -15*w + 19*w - 5*a = 48529, -3*a - 15 = 0. What is the highest common divisor of 564 and w?
282
Suppose -18*v - 450 = 144. Let u be (-6)/v + (-10686)/(-33). Calculate the highest common divisor of u and 12.
12
Let r(j) = j**3 - 12*j**2 + 39*j + 10. Let w be r(7). Calculate the greatest common factor of 3914 and w.
38
Suppose -2441*g + 2383*g = -8236. Suppose 2*k - 287 - 139 = 0. What is the highest common factor of g and k?
71
Let w(r) be the second derivative of -r**3/3 + 31*r**2/2 - 99*r. Let m = 12 + 1. Let y be w(m). What is the greatest common divisor of y and 5?
5
Let f = -84 + 96. Let g be f/50*15*5. Let w be (-4)/(-3) + (-60)/g + 3. Calculate the highest common divisor of 3 and w.
1
Suppose -1 = -3*o + 158. Suppose -100*t + 99*t - 29 = -5*k, -4*k = -2*t - 22. Calculate the greatest common divisor of o and t.
1
Suppose 20*l - 207 - 549 - 44 = 0. What is the greatest common factor of l and 96?
8
Suppose 3*x = -12, -2*w - 2*x = 2*w - 4. Let g(t) = 2*t**3 - 4*t + 30. Let c be g(w). What is the highest common factor of 324 and c?
36
Let b(s) = -7*s**3 + 94*s**2 + 14*s - 36. Let m be b(9). What is the greatest common divisor of m and 63?
9
Let u(x) = x**3 - 4*x**2 + 20. Let j(h) = -h + 2. Let o be j(-2). Let a be u(o). What is the highest common divisor of a and 100?
20
Suppose 15 = 5*d, -11*z = -13*z - 5*d + 495. Let t = -16 + 31. What is the highest common divisor of t and z?
15
Let o be 2/3 - (-4)/12. Suppose -o = q - 2*q + h, -2*q = -4*h. Suppose 2*i + 5*s + 32 = 88, 5*i = 2*s + 82. What is the highest common factor of i and q?
2
Let z(h) = 7*h**3 - 8*h**3 + h**2 - 3*h**2 - 4*h. Let o be z(-2). Suppose -o*k - 22 = -10*k. What is the greatest common divisor of k and 11?
11
Let s be 1/(-9) + (-2585)/(-99). Suppose 62 = m + s. What is the highest common divisor of m and 63?
9
Let q = 680 - 481. Suppose 0 = 2*k - q - 235. Calculate the highest common divisor of 62 and k.
31
Suppose 3*s - 26 = 4*j, 5*s = -540*j + 539*j + 120. Let t = 8 - 4. Calculate the highest common divisor of s and t.
2
Let d be (-4)/(-6 - (-252790)/42143). What is the highest common factor of 74 and d?
37
Let y = -6 + -28. Suppose 33*m - 400 = 23*m. Let i = m + y. Calculate the greatest common factor of i and 3.
3
Let y(v) = 57 + 6*v + 5*v**2 + v**3 - 115 + 60. Let r be y(-2). Suppose 5*u + 5 = -5*w + 2*w, -3*w = -2*u + 19. What is the highest common factor of r and u?
2
Suppose -5*r + 6 = 2*z, 4*r + 0*r = -4*z. Let u be r/(-4)*-83*-2. Let s = -77 - u. What is the greatest commo